- 57. Is 3/2 - 10078/z*2 prime?
True
Let i be ((-16)/(-10))/((-1)/((-50)/4)). Let d be 852/15 - -1*4/i. Let y = d - -76. Is y a prime number?
False
Suppose 36*b - 106 + 34 = 0. Suppose -4*q + 114*h - 117*h + 46202 = 0, -23088 = -b*q + 5*h. Is q composite?
False
Let d(l) = -l**2 - 8*l + 82. Let r be d(8). Is (-69)/r*26012/6 a prime number?
False
Let h(j) = 128*j**2 - 22*j + 13. Is h(4) prime?
True
Suppose -24*g - 3267 = -15*g. Let u = 656 + g. Is u a prime number?
True
Let i = -19 - -19. Suppose 5*j - h - 21741 = 0, i = 2*h + 3 - 1. Suppose -l = -0*x + x - 1087, 4*l - j = -x. Is l a prime number?
True
Let r(u) be the third derivative of u**4/12 - 16*u**3/3 + 4*u**2. Let h be r(17). Suppose -530 = -4*t - 4*j + 878, -705 = -h*t - j. Is t a prime number?
True
Let c = -294 - -297. Is -5 - ((1 - (c - 5)) + -5739) composite?
True
Suppose 0 = -5*x + 12*z - 17*z + 270320, -2*x - 5*z = -108137. Is x prime?
False
Suppose 5*n = -3*i + 15, 2*i - 16 + 6 = 0. Suppose 5*k + 3*j - 3283 - 38322 = n, -k = 3*j - 8321. Is k composite?
True
Let w(o) = 328*o + 797. Is w(5) prime?
True
Is 9162225/85 - (-14)/119 a composite number?
False
Suppose -2*p = 2 - 8. Suppose 3*c = -2*c - 5*s + 15, -p*s - 7 = -5*c. Suppose -1163 = -3*h - 5*r, 0 = 7*h - c*h + 5*r - 1925. Is h a prime number?
False
Is ((-115)/(-10) + -12)*-28228 a composite number?
True
Let c = -843 + 18244. Is c a prime number?
True
Suppose -174*j - 416980 = -194*j. Is j composite?
False
Suppose 298357 = -33*s + 2105140. Is s a prime number?
True
Suppose 34058 - 743 = 3*b. Suppose 2*p = h + b, 0 = -2*p + 4*h + 4471 + 6649. Suppose 9*x = p - 483. Is x prime?
True
Suppose 6*w + 10*w - 415106 + 12178 = 0. Is w a composite number?
False
Let b be 21/((-840)/128)*(-10)/4. Is (-7743)/(-3) - (11 - b) a prime number?
False
Suppose -5*j = -4*b + b + 386, -j - 394 = -3*b. Suppose -2*z + b = -z. Suppose z = 4*a - 0*a. Is a composite?
True
Let j = 11517 + 10130. Is j prime?
True
Let m = -743 + 764. Is (-12)/(-21) - (-23151)/m a composite number?
False
Let j(s) = -s + 14. Let f be j(11). Let c(q) = 186*q - f - 9 - 6 - 1. Is c(9) a composite number?
True
Let s(x) = 4*x**2 - 2*x - 1. Let c(a) = 4*a**2 + 5*a - 60. Let l(r) = -c(r) + 2*s(r). Let q = -13 - 11. Is l(q) prime?
False
Let u(o) = 7120*o**3 + 2*o**2 - 3*o. Let c(f) = 7119*f**3 + 3*f**2 - 4*f. Let g(k) = 2*c(k) - 3*u(k). Is g(-1) a prime number?
True
Let h(z) = -2*z**3 + 177*z**2 + 137*z + 463. Is h(89) a composite number?
True
Let g = 2 - -1. Suppose -10 = g*m - 8*m. Is (-2456)/(-12)*3/m prime?
True
Is -6 + 62*(-4604)/(-16) + (-6)/4 a composite number?
True
Let k be 3 + 16*(-2)/(-4). Let n = 104 - k. Suppose 2*x - n = 317. Is x prime?
False
Suppose 2*w = -v + 169147, -331441 - 345107 = -4*v + 2*w. Is v a composite number?
True
Suppose 0 = 3*m - 4*g - 2134 - 737, -4*m = -4*g - 3824. Is m composite?
False
Let x(t) = t**3 - 18*t**2 + 17*t + 5. Let j be x(17). Suppose -d + i - j*i = -30, 0 = 5*d + 3*i - 167. Is (6 + 20)*d/4 composite?
True
Let l(v) = -4440*v - 4231. Is l(-9) composite?
False
Let n(b) = 242*b - 709. Is n(24) prime?
True
Suppose 3*o = 5*o - i + 245, 5*i - 364 = 3*o. Let g = 132 + o. Suppose g*a - 5*a = 2*w - 3878, 5 = a. Is w prime?
True
Let l be (-4)/10 + (-162)/(-30). Let h = l + -2. Suppose 2*u = 2*w - 298, -h*u - 447 = -3*w - 2*u. Is w a prime number?
True
Suppose -76*t = 98*t - 39633629 - 19427713. Is t a prime number?
True
Suppose 101*z = 100*z + 3361. Suppose h + 402 = z. Is h a composite number?
True
Suppose 4 = -4*y, y + 307190 = 5*l - 17406. Is l a prime number?
True
Suppose 0 = -b + 2*b - 29083. Suppose 82125 + b = 8*c. Is c a composite number?
False
Let l = -303984 + 557551. Is l prime?
True
Suppose 26*a = -786648 + 3845834. Is a prime?
False
Is (3299/4)/((-72)/(-5472)) a composite number?
True
Suppose -4*o - h = -7, 4*o = o + 5*h - 12. Is o/(((-48)/72)/(21092/(-6))) a prime number?
True
Let t(g) be the second derivative of 41*g**6/30 + g**5/30 - g**4/8 - g**3/6 + 5*g**2/2 + 30*g. Let f(k) be the first derivative of t(k). Is f(2) a prime number?
False
Let d = -1913 + 17623. Suppose 10*f - 4*f = 54414. Suppose -5*v - 607 = -2*g - d, -3*g = -3*v + f. Is v prime?
True
Let n = 2361 + -3989. Let m = 4353 - n. Is m a prime number?
True
Is (2957907/(-9))/(((-33)/(-99))/(0 + -1)) a prime number?
True
Suppose -3*l + 0 + 10 = -k, 5*l = -3*k + 12. Suppose 0 = l*v - 11*v - 24. Is (-1904)/v + -2 + (-3)/(-9) a composite number?
True
Suppose 16 = 10*y - 4. Suppose 0 = h - 2*h. Suppose h = 4*r + y*r - 3810. Is r composite?
True
Let t be (-12)/(-27) + 18728/(-18). Is (-1 - -24)/(8*(-10)/t) a composite number?
True
Let k(a) = -3*a**3 - 119*a**2 + 104*a - 89. Is k(-50) prime?
True
Let w(s) = s**2 - 15*s - 29. Let b be 8/(-44) - 189/(-11). Let t be w(b). Suppose t*x + 2*x = 10787. Is x prime?
False
Suppose -5*z = -67*x + 68*x - 426392, -426422 = -x + 5*z. Is x a prime number?
True
Let a be (-2*3/(-4))/(5/(-50)). Let g = a + 3. Is (3/g)/(2/(-4696)) composite?
False
Let f(t) = 27*t**2 + 3*t - 4. Let v be f(1). Suppose -23 + v = y. Suppose 3*m - 1548 - 2968 = 5*z, m - 1510 = -y*z. Is m a composite number?
True
Suppose -2*n + 5*n = 4*c - 34072, 2*c - 17036 = 2*n. Is c a composite number?
True
Suppose 2*z + 3*r = 204964, -3*z - 91*r + 96*r + 307427 = 0. Is z a composite number?
True
Suppose -165 = -118*y + 103*y. Suppose 0 = 5*v - 2*q - 13719, 2*v - 5494 = 15*q - y*q. Is v composite?
True
Suppose -4*m + 85643 = s, -4*s - 3*m + 41348 + 301289 = 0. Is s a composite number?
True
Is ((-4546496)/192)/((-4)/(12 + 0)) a prime number?
True
Suppose -3880*h - 2146120 = -3920*h. Is h a prime number?
True
Let v = 1649790 - 1048405. Is v prime?
False
Suppose 16*i - 8298 = 21606. Let z = 31 - 21. Suppose 7*h - z*h + i = 0. Is h prime?
False
Let t be (10/25)/((-5)/(-925)). Suppose -t*d - 889 = -75*d. Is d composite?
True
Let j(l) = 1021*l**2 - 80*l - 278. Is j(-15) a composite number?
False
Let u be 6/(3/(-27)*(-3)/14). Let p(n) = 18*n**2 - 5*n - 2. Let y be p(-9). Let r = y - u. Is r prime?
True
Let g be ((-24)/9 + 2)*(7 + -10). Let d be ((-381)/9)/(1 + g/(-3)). Let n = 276 + d. Is n prime?
True
Let r(f) = 164*f**2 + 9*f + 61. Let i = -545 + 527. Is r(i) a composite number?
True
Suppose 0 = -z + 3*z - 32. Suppose -5*f - l + 10 = -9*f, -4*l = -4*f - z. Is 7/f + 9/(-18) + 537 a prime number?
False
Let g(c) = 24225*c - 4577. Is g(10) prime?
True
Suppose 73*r + 21*r - 12608126 = 0. Is r a prime number?
True
Suppose s - 2*s = -2*q + 57345, -114680 = -4*q + 4*s. Suppose -20*v - q + 111495 = 0. Is v prime?
False
Let c(m) = -2074*m - 371. Let s(g) = 692*g + 123. Let f(k) = -6*c(k) - 17*s(k). Is f(11) composite?
True
Let x(c) = c**2 + 36*c - 26 - 18*c**3 - 9*c**2 - 26*c + 7. Is x(-8) a composite number?
True
Let t(m) = -14*m + 19. Let k(p) = -p**2 + 12*p - 17. Let z be k(8). Suppose -4*u + q = z, -q + 6*q = 5*u. Is t(u) a prime number?
True
Let x = 832441 + -490240. Is x prime?
False
Suppose -14*x + 1916 + 18174 = 0. Suppose -x = -5*w + 10540. Is w a prime number?
False
Let v be -14 - (-4 - 3) - -37062. Suppose 0 = 5*j - 10*j + v. Is j a prime number?
True
Suppose 0 = 3*q - 87 + 1044. Let v = 219 + q. Is 2136/5 + 20/v composite?
True
Suppose -5403 = 2*g + 5*n - 2*n, 4*n - 5410 = 2*g. Let f = g + 7534. Is f composite?
False
Suppose 4*z = 4*k - 56, 5*z = -k + 14 + 18. Suppose 242 = s - k. Is s composite?
True
Let x(f) = 14364*f - 14827. Is x(124) prime?
True
Suppose 5*p + 2*t - 17 = 0, 3 - 7 = -p - t. Let i be p/1 + 17 + -15. Suppose -c = 3*a - 302, -431 + 123 = -c - i*a. Is c composite?
False
Let f(v) = 1976*v**2 + 5*v. Let x be f(-4). Suppose 0 = 2*m + 3*s - 38, 13*s = 4*m + 12*s - 48. Suppose -m*h + x = -h. Is h a prime number?
True
Let j = 138168 + -48197. Is j composite?
True
Let j = 50 + -48. Suppose j*h - 24771 = -h. Is h composite?
True
Suppose 4*g - 5*m = 117392, 49*g - m - 146719 = 44*g. Is g a prime number?
False
Let d(h) = -8*h**3 - 12*h**2 - 28*h + 203. Is d(-20) composite?
True
Let g(w) = -3550*w**3 - 4*w**2 - 7*w - 11. Is g(-2) composite?
False
Is (-19)/(-9) - 7/63 - 4290447/(-7) prime?
True
Suppose 5*a - 5*y + 0 = 40, 2*y + 30 = 4*a. Suppose -o + 0*o = t + 13, -5*o + a = -4*t. Is (1675/(-100))/(2/t) composite?
False
Let l(a) be the third derivative of 31*a**5/60 - a**4/8 - 7